41 a composite number?
True
Is 562405 prime?
False
Is 2759 a prime number?
False
Is 56519 composite?
False
Is 4153 a composite number?
False
Is 170797 prime?
False
Is 102283 prime?
False
Is 70277 a prime number?
False
Is 216211 prime?
True
Is 21893 a prime number?
True
Is 145313 a composite number?
True
Is 100699 composite?
False
Is 254 a composite number?
True
Is 3569 composite?
True
Is 7265 prime?
False
Is 31583 composite?
False
Is 15503 a prime number?
False
Is 27397 a composite number?
False
Is 412611 prime?
False
Is 6459 a prime number?
False
Is 49103 a prime number?
True
Is 154705 prime?
False
Is 32989 a prime number?
False
Is 7509 a prime number?
False
Is 14351 composite?
True
Is 12437 a composite number?
False
Is 7559 a composite number?
False
Is 2288509 prime?
True
Is 176677 composite?
False
Is 56039 a composite number?
False
Is 17321 a composite number?
False
Is 152003 prime?
True
Is 201109 prime?
False
Is 7607 prime?
True
Is 687277 prime?
True
Is 573 prime?
False
Is 7433 prime?
True
Is 35381 prime?
True
Is 101911 a prime number?
False
Is 758077 a composite number?
True
Is 91759 a composite number?
True
Is 22433 prime?
True
Is 253653 a prime number?
False
Is 10078 prime?
False
Is 39911 composite?
True
Is 233843 composite?
True
Is 549221 a prime number?
True
Is 8059 composite?
False
Is 931487 a composite number?
False
Is 14849 a composite number?
True
Is 34927 composite?
True
Is 1491911 prime?
True
Is 68309 a prime number?
False
Is 77681 a composite number?
False
Is 3295 a prime number?
False
Is 10217 composite?
True
Is 799343 composite?
False
Is 4559 prime?
False
Is 61603 composite?
False
Is 74123 prime?
False
Is 9179 prime?
False
Is 5045 prime?
False
Is 630299 composite?
False
Is 5739 a prime number?
False
Is 67603 a prime number?
False
Is 240059 prime?
True
Is 17521 a prime number?
False
Is 70537 composite?
False
Is 6947 composite?
False
Is 879 composite?
True
Is 49103 prime?
True
Is 26849 a composite number?
False
Is 229813 prime?
True
Is 498163 prime?
True
Is 2153 prime?
True
Is 565 a prime number?
False
Is 83537 composite?
False
Is 2974789 a composite number?
False
Is 22951 a prime number?
False
Is 25417 a composite number?
True
Is 4699 prime?
False
Is 12251 composite?
False
Is 554263 prime?
True
Is 4091 a composite number?
False
Is 41399 a composite number?
False
Is 2381387 a composite number?
False
Is 52453 prime?
True
Is 189127 prime?
True
Is 97778 prime?
False
Is 431219 a prime number?
True
Is 101641 a composite number?
False
Is 122321 prime?
True
Is 3223 a prime number?
False
Is 614561 composite?
False
Is 6233 composite?
True
Is 32407 a prime number?
False
Is 783641 composite?
False
Is 1191169 composite?
True
Is 39761 a composite number?
False
Is 110569 composite?
False
Is 23623 composite?
False
Is 1646 a prime number?
False
Is 973 a prime number?
False
Is 42611 a composite number?
False
Is 1263 prime?
False
Is 214939 a composite number?
False
Is 189929 composite?
False
Is 9722 composite?
True
Is 311711 a composite number?
False
Is 506947 composite?
True
Is 237 a composite number?
True
Is 985921 a prime number?
True
Is 48274 composite?
True
Is 211177 a prime number?
True
Is 18959 prime?
True
Is 423173 a composite number?
False
Is 5471 composite?
False
Is 476507 prime?
True
Is 4166 prime?
False
Is 16879 prime?
True
Is 8413 prime?
False
Is 3574997 prime?
True
Is 95905 prime?
False
Is 19121 composite?
False
Is 15959 a composite number?
False
Is 208037 a composite number?
False
Is 52131 a composite number?
True
Is 106331 a prime number?
True
Is 8529 composite?
True
Is 25706 prime?
False
Is 8461 prime?
True
Is 38062 composite?
True
Is 346823 prime?
False
Is 877235 prime?
False
Is 77917 a prime number?
False
Is 342767 a prime number?
False
Is 127859 composite?
False
Is 231919 prime?
True
Is 39707 composite?
True
Is 4177 composite?
False
Is 2149 a prime number?
False
Is 43471 prime?
False
Is 597527 a prime number?
False
Is 212183 prime?
True
Is 7001 prime?
True
Is 14041 a prime number?
False
Is 6143 composite?
False
Is 9967 a composite number?
False
Is 67021 prime?
True
Is 35671 prime?
True
Is 11477 a prime number?
False
Is 1588661 a composite number?
False
Is 13557 a prime number?
False
Is 75913 composite?
False
Is 25287 composite?
True
Is 919 a composite number?
False
Is 23099 a prime number?
True
Is 1541 a prime number?
False
Is 71479 a composite number?
False
Is 564747 prime?
False
Is 1712593 prime?
False
Is 23581 composite?
False
Is 13241 prime?
True
Is 71206 a prime number?
False
Is 2117 prime?
False
Is 37613 prime?
False
Is 57489 a prime number?
False
Is 23 composite?
False
Is 4417 a prime number?
False
Is 314387 prime?
False
Is 6911 composite?
False
Is 439 prime?
True
Is 240937 prime?
False
Is 1686506 prime?
False
Is 401307 composite?
True
Is 3137 a prime number?
True
Is 41746 a composite number?
True
Is 3319841 composite?
True
Is 809 prime?
True
Is 8927 prime?
False
Is 4861 a prime number?
True
Is 8251 a prime number?
False
Is 161803 prime?
False
Is 223151 a prime number?
True
Is 169401 a composite number?
True
Is 58307 a composite number?
True
Is 167639 composite?
True
Is 125365 a prime number?
False
Is 38089 prime?
False
Is 12197 a composite number?
False
Is 127447 a prime number?
True
Is 93839 a prime number?
False
Is 1436915 prime?
False
Is 8059 a prime number?
True
Is 1288301 a prime number?
False
Is 5039 a prime number?
True
Is 2078789 composite?
False
Is 30757 composite?
False
Is 69847 composite?
False
Is 2165305 a composite number?
True
Is 229891 a prime number?
False
Is 105751 a prime number?
True
Is 72809 a prime number?
False
Is 2203 a composite number?
False
Is 84029 composite?
True
Is 52639 a composite number?
False
Is 80005 a composite number?
True
Is 30055 a prime number?
False
Is 8339 a prime number?
False
Is 134327 a prime number?
True
Is 2927 composite?
False
Is 330329 a composite number?
False
Is 2609 a prime number?
True
Is 10421 composite?
True
Is 77353 a prime number?
False
Is 7121 a composite number?
False
Is 25059 composite?
True
Is 991 a prime number?
True
Is 1486 prime?
False
Is 4727 a prime number?
False
Is 413779 prime?
True
Is 1097 a prime number?
True
Is 258607 a prime number?
True
Is 29101 composite?
False
Is 1043 a composite number?
True
Is 73551 composite?
True
Is 3543 prime?
False
Is 75659 a composite number?
False
Is 21797 prime?
False
Is 20782 composite?
True
Is 466031 a composite number?
True
Is 1082683 composite?
True
Is 84401 prime?
True
Is 2236042 a prime number?
False
Is 1903 composite?
True
Is 27299 composite?
False
Is 20057 a prime number?
False
Is 1411563 composite?
True
Is 142469 composite?
False
Is 371561 a composite number?
False
Is 32869 prime?
True
Is 267169 prime?
False
Is 2391 a prime number?
False
Is 371027 prime?
True
Is 46573 a composite number?
False
Is 17287 a prime number?
False
Is 371681 a composite number?
True
Is 1847 prime?
True
Is 17137 a composite number?
False
Is 84589 a prime number?
True
Is 356243 a composite number?
False
Is 120923 a composite number?
True
Is 8209 composite?
False
Is 7773 prime?
False
Is 1945 composite?
True
Is 88463 a prime number?
True
Is 6067 a composite number?
False
Is 306563 a prime number?
True
Is 14779 a composite number?
False
Is 877 composite?
False
Is 39113 prime?
True
Is 319723 composite?
True
Is 24493 prime?
False
Is 1615529 composite?
False
Is 338153 composite?
False
Is 156419 prime?
True
Is 5239603 a prime number?
True
Is 4703 prime?
True
Is 46157 a prime number?
False
Is 159141 prime?
False
Is 516281 prime?
False
Is 70159 prime?
False
Is 489 a prime number?
False
Is 91 a prime number?
False
Is 240001 composite?
True
Is 159487 a composite number?
True
Is 198515 a composite number?
True
Is 39977 a prime number?
False
Is 233989 prime?
False
Is 50381 composite?
True
Is 48103 prime?
False
Is 4201 a prime number?
True
Is 221801 a prime number?
False
Is 116338 composite?
True
Is 25301 a composite number?
False
Is 63943 a prime number?
False
Is 11087 prime?
True
Is 17023 prime?
False
Is 18035 prime?
False
Is 303737 prime?
False
Is 66221 composite?
False
Is 23497 a composite number?
False
Is 692457 a prime number?
False
Is 41681 a prime number?
True
Is 767059 a prime number?
False
Is 52859 prime?
True
Is 74021 prime?
True
Is 15